pose 5*g = v + 10, 0 = -6*v + v + 4*g + 13. Suppose 2*y = -v*y + 21. Suppose 0 = -m - y, -m - 209 = -2*k + 142. What is the tens digit of k?
7
Suppose 3*d + 5*r - 31 = 0, 2*d - 3*d - 5*r + 27 = 0. Suppose -d*n = -n - 3. What is the units digit of 2/n - 1370/(-15)?
2
Let b = -1517 - 63. What is the units digit of 240/(-40)*b/6?
0
Let t(a) = -49 + 47 + 2*a**2 - 40*a - 80 + 16*a. What is the units digit of t(-3)?
8
Let l = -306 - -300. What is the units digit of ((-1598)/(-1) + l)/2?
6
Suppose -48*w + 47*w + 33993 = 4*i, 5*i - 42492 = -2*w. What is the thousands digit of i?
8
Suppose 96*q = 12*q + 246372. What is the units digit of q?
3
Let z be 130/(-52) - 3/(-2). What is the units digit of 592 - 3 - (z + -5)?
5
Let b = -1094 + 50966. What is the tens digit of b?
7
Let t(o) = 3*o**3 - 8*o**2 - o - 3. Let k be t(3). Suppose -2*w - 11 + 161 = 2*n, -k*w - 71 = -n. Let c = n + 198. What is the hundreds digit of c?
2
Let o(y) = -5*y + 83. Let n be o(16). What is the tens digit of 1457 + (n/(-6))/((-1)/(-10))?
5
Suppose 1506160 = 87*t - 20*t. What is the hundreds digit of t?
4
Let i = -196 - -227. Suppose -u = -187 - i. What is the units digit of u?
8
Let s = -153 - -165. Suppose s*r - 1418 = -2*q + 10*r, 0 = -5*q + 5*r + 3555. What is the units digit of q?
0
Let a(q) = -13*q - 22. Let z be a(-2). Suppose -z*u = 9*h - 4*h - 645, 0 = 3*h + 2*u - 385. What is the tens digit of h?
2
Let y = -49070 + 78757. What is the units digit of y?
7
Let h = 2572 - 1724. Let p = -448 + h. What is the units digit of p?
0
Let m = -2 + 20. Suppose x = -m + 20. Suppose 2*q + 3*q = x*h - 109, -h = -2*q - 54. What is the units digit of h?
2
Let s(c) = c**2 - 3*c + 2. Let v be s(-4). Let j = -27 + v. Suppose t + 251 = f, -j*t - 400 = -5*f + 851. What is the tens digit of f?
4
Suppose 0 = 2*o + 4*w - 3*w - 684, 5*o = 4*w + 1736. Let n be o/(-18) - 7/(-63). What is the units digit of (n - -29) + (-2 - 0)?
8
Let j(f) = -749*f**2 - 7*f - 94. Let t be j(-9). What is the units digit of t/(-110) - 6/(-33)?
2
Suppose 21 = 3*n + 5*m, 2*n + 3*m = -0*m + 15. Let b be ((-426)/9)/(2/(-24)). Suppose -4*a = -n*a + b. What is the tens digit of a?
7
Let x(d) = d**3 + 3*d**2 + d + 6. Let v be x(8). Let w = v + -351. What is the units digit of w?
7
Let q(v) = v**2 - 2*v + 7. Let h be q(0). Let f(r) be the second derivative of -r**5/20 + 2*r**4/3 - r**3/6 + 2*r**2 + r. What is the units digit of f(h)?
6
Let l(r) be the second derivative of -42*r + 5*r**2 + 1/12*r**4 + 1/6*r**3 + 0. What is the tens digit of l(-15)?
2
Let b be 19/2 - 6/(-12). Let h(u) = u**2 - 2*u. Let v be h(4). Suppose -20 = -b*m + v*m. What is the tens digit of m?
1
Let p(z) = z**2 - z - 4. Let j be p(3). What is the tens digit of j*(-4 + 2) + 3 - -321?
2
What is the ten thousands digit of ((-149)/(-2))/((-6)/(-63756)*23)?
3
Suppose -2*b = j - 3596, 0 = -3*b + j + 4425 + 974. What is the units digit of b?
9
Suppose -5*s = -i - 7660, -9*s = -10*s + 5*i + 1508. Let u = 2947 - s. What is the units digit of u?
4
Suppose -4*x + 14*h - 11*h = -5141, 0 = 5*x + 4*h - 6403. Let j = x - 710. What is the units digit of j?
3
Let k = 223 - 219. Suppose -k*s = i - 212, -s = -4*i - i + 1123. What is the hundreds digit of i?
2
Let y = 135 - -2142. What is the units digit of y?
7
Let t = 3546 + -2250. What is the thousands digit of t?
1
Let s = -82 - -86. Suppose -2*r + s = 0, 4*r - 3*r - 117 = -5*v. What is the units digit of v?
3
Suppose 66*w + 25*w = 2784666 + 1970357. What is the tens digit of w?
5
Let r = 64 + -61. Suppose -3*n = -9*v + 5*v + 2657, r*n = 3. Suppose 4*x - 9*x + v = 0. What is the hundreds digit of x?
1
Let n be (-253)/(-161) - 6/(-14). Suppose 0 = -0*o - 3*o - v + 171, n*v - 226 = -4*o. Suppose o*s - 55*s - 270 = 0. What is the tens digit of s?
9
Let v be 6/(-90) + 68*(-1615)/(-300). Let j(y) = 2*y**2 + 4*y - 2. Let k be j(-5). Suppose -2*z = -v + k. What is the units digit of z?
9
Suppose 88*p = 82*p + 31500. Suppose -37*m + 23*m + p = 0. What is the units digit of m?
5
Suppose -597*j - 5430503 + 18390312 = -8649203. What is the ten thousands digit of j?
3
Let k = -32610 - -59189. What is the thousands digit of k?
6
Suppose -6*l - 30*l = -3*l - 584100. What is the thousands digit of l?
7
Let v(u) = 7*u + 1159. What is the thousands digit of v(2)?
1
Let r = 20 - 19. Let c be -21*-13*(2 - r - 0). Let s = c - 135. What is the units digit of s?
8
Let t = 197 + -115. Let k = 86 - t. Suppose 2*w + 660 = 3*p - w, -2*w - 876 = -k*p. What is the units digit of p?
8
Suppose -40*y + 334464 - 4424 = 0. What is the hundreds digit of y?
2
Let y(i) = -121*i**3 - 2*i**2 - 11*i - 19. Let s be y(-3). Let j = s - 1928. What is the units digit of j?
5
Let p(h) = 1074*h**2 + 89*h + 455. What is the thousands digit of p(-5)?
6
Let g = -3040 - -16882. What is the tens digit of g?
4
What is the ten thousands digit of ((-42404)/14)/(96/(-336))?
1
Let x = -44 - -49. Suppose -3*v - x*r = -v + 11, -2*r - 4 = v. Suppose 5*d = v*d + 228. What is the tens digit of d?
7
Let g be (6/7)/(15/70). Suppose 3*i - 1609 = -g*t, 5*t - t + 5*i - 1607 = 0. What is the units digit of t?
3
Let h be (-24)/(-210)*-5*(-14)/4. Suppose h*r = 10*r - 504. What is the tens digit of r?
6
Let x(w) = -6*w**2 - 8 + 2*w**2 + w**2 - 19*w + 4*w**2. Suppose -5*b + 2*g = 36, -3*b - g - 17 = -2. What is the units digit of x(b)?
2
Let y = -24 - -24. Suppose y = 3*x - 2 - 4. Suppose -4*j = x*j - 228. What is the units digit of j?
8
Let g(b) = -149*b**3 - 8*b**2 - 86*b - 416. What is the hundreds digit of g(-6)?
9
What is the ten thousands digit of 62072 + 7/(-13)*-13?
6
Let z be 732/10 + -2 - 16/(-20). Let q be (3/9)/((-2)/426). Let h = q + z. What is the units digit of h?
1
Suppose -k + 3*k + 5*v - 16737 = 0, 0 = -5*k - 6*v + 41797. What is the thousands digit of k?
8
Suppose 16*u + u + 52*u - 917562 = 0. What is the ten thousands digit of u?
1
Let d = 21921 - 6375. What is the hundreds digit of d?
5
Let u(j) = -2*j**2 - 38*j - 18. Let k be u(-18). Let w(n) = -n**3 + 18*n**2 + 4*n - 51. What is the units digit of w(k)?
1
Suppose -3*y + 28*j + 6367 = 24*j, 0 = 5*y - 5*j - 10620. What is the hundreds digit of y?
1
Suppose 23*y - 5*b - 17710 = 18*y, 4*b + 17712 = 5*y. What is the tens digit of y?
4
Suppose -g = -5*n - 10115, 24075 = 2*g - 3*n + 3866. What is the hundreds digit of g?
1
What is the tens digit of ((-274)/(-8))/(25/280)*20?
7
Suppose 61*q + 182366 = 65*q - 3*j, 5*j + 136769 = 3*q. What is the thousands digit of q?
5
Suppose 127 + 1224 = q. Let r = q - 958. What is the hundreds digit of r?
3
Let d = 857 + -549. Suppose -111*l = -109*l - d. What is the units digit of l?
4
Let l be -2*94/(-16) - (-4)/16. Suppose 4 = 2*i + l. Let k = 30 + i. What is the tens digit of k?
2
Let u = 134 - 127. Suppose -611 + 2452 = u*b. What is the units digit of b?
3
Suppose 365 = -5*y + z, -y - 2*z = -2*y - 64. Suppose 4*q - 92 - 738 = -m, -4*m = q - 200. Let x = y + q. What is the hundreds digit of x?
1
What is the tens digit of (((-50)/(-30))/(-5))/((-5)/472905) + -5?
2
What is the ten thousands digit of (-9 - 0) + (-1903)/66*-2514?
7
Let h = -3302 - -3602. What is the tens digit of h?
0
Let b(z) = -4*z + 12. Let y be (-2 - 28/(-8))*2. Let i be b(y). Suppose i = 3*a - 20 - 85. What is the tens digit of a?
3
Suppose -y + 4*d - 1 + 4 = 0, -8 = 4*d. Let w(t) = 1 + 2 + 15 + t - 10*t. What is the tens digit of w(y)?
6
Let a(c) = c**3 + 30*c**2 + 27*c - 27. Let h be a(-26). Suppose 22*o - 445 - h = 0. What is the tens digit of o?
1
Let s be 6 + 7 + (-8 - 3). Suppose -750 = -l - s*y, 4*l - 33*y = -38*y + 2988. What is the tens digit of l?
4
Suppose 4*b = -2*b + 54. Suppose -b*m + 8337 = 2127. What is the hundreds digit of m?
6
Let c(k) = 288*k - 22. Let n be c(6). Suppose 11*x = 65 + n. What is the hundreds digit of x?
1
Let t be (-20 + -1)/(1 + 363/(-374)). Let f = 34 - t. What is the units digit of f?
8
Let q(v) = -v**3 + 16*v**2 - 11*v - 6. Let n be 11/((-66)/12) - 19*-1. Suppose 2*u = -l + n, -2*l - 3*l = -2*u - 73. What is the tens digit of q(l)?
5
Let b be 6/(-16) + 1547595/136. What is the units digit of 2*b/90 - 34/(-255)?
3
Let f = -172 - -314. Let v be f*3/3 - 3. Suppose -39 = 2*o - v. What is the units digit of o?
0
Suppose 4*w - 48 = -3*d - w, -3*d = 2*w - 48. What is the hundreds d